{"id":301,"date":"2025-01-16T17:25:19","date_gmt":"2025-01-16T16:25:19","guid":{"rendered":"https:\/\/montaigne.online\/?post_type=product&#038;p=301"},"modified":"2025-01-16T17:49:33","modified_gmt":"2025-01-16T16:49:33","slug":"pantalon-tommy-hilfiger","status":"publish","type":"product","link":"https:\/\/montaigne.online\/index.php\/produit\/pantalon-tommy-hilfiger\/","title":{"rendered":"Pantalon Tommy Hilfiger"},"content":{"rendered":"<p>Pantalon en coton de la marque Tommy Hilfiger,<br \/>\nAchat en lot uniquement tout type de grade, A,B,C<br \/>\nQuantit\u00e9 minimum 25<br \/>\nEnsemble m\u00e9lang\u00e9 avec diff\u00e9rent grade, taille, et genre.<\/p>\n","protected":false},"excerpt":{"rendered":"<p>Pantalon en coton de la marque Tommy Hilfiger, Achat en lot uniquement tout type de grade, A,B,C Quantit\u00e9 minimum 25 Ensemble m\u00e9lang\u00e9 avec diff\u00e9rent grade, taille, et genre.<\/p>\n","protected":false},"featured_media":302,"comment_status":"open","ping_status":"closed","template":"","meta":{"_et_pb_use_builder":"","_et_pb_old_content":"","_et_gb_content_width":""},"product_cat":[40,29],"product_tag":[],"class_list":{"0":"post-301","1":"product","2":"type-product","3":"status-publish","4":"has-post-thumbnail","6":"product_cat-pantalons-jeans","7":"product_cat-tommy-hilfiger","9":"first","10":"instock","11":"shipping-taxable","12":"purchasable","13":"product-type-simple"},"_links":{"self":[{"href":"https:\/\/montaigne.online\/index.php\/wp-json\/wp\/v2\/product\/301","targetHints":{"allow":["GET"]}}],"collection":[{"href":"https:\/\/montaigne.online\/index.php\/wp-json\/wp\/v2\/product"}],"about":[{"href":"https:\/\/montaigne.online\/index.php\/wp-json\/wp\/v2\/types\/product"}],"replies":[{"embeddable":true,"href":"https:\/\/montaigne.online\/index.php\/wp-json\/wp\/v2\/comments?post=301"}],"wp:featuredmedia":[{"embeddable":true,"href":"https:\/\/montaigne.online\/index.php\/wp-json\/wp\/v2\/media\/302"}],"wp:attachment":[{"href":"https:\/\/montaigne.online\/index.php\/wp-json\/wp\/v2\/media?parent=301"}],"wp:term":[{"taxonomy":"product_cat","embeddable":true,"href":"https:\/\/montaigne.online\/index.php\/wp-json\/wp\/v2\/product_cat?post=301"},{"taxonomy":"product_tag","embeddable":true,"href":"https:\/\/montaigne.online\/index.php\/wp-json\/wp\/v2\/product_tag?post=301"}],"curies":[{"name":"wp","href":"https:\/\/api.w.org\/{rel}","templated":true}]}}